{"id":6550,"date":"2025-06-19T14:01:51","date_gmt":"2025-06-19T14:01:51","guid":{"rendered":"https:\/\/remesasmx.org\/?page_id=6550"},"modified":"2025-06-19T14:02:26","modified_gmt":"2025-06-19T14:02:26","slug":"recomendaciones","status":"publish","type":"page","link":"https:\/\/remesasmx.org\/?page_id=6550","title":{"rendered":"Recomendaciones"},"content":{"rendered":"<h2 style=\"text-align: left;\" data-start=\"328\" data-end=\"379\">\ud83d\udca1 Recomendaciones para enviar y recibir remesas<\/h2>\n<p style=\"text-align: left;\" data-start=\"381\" data-end=\"534\">Porque cada d\u00f3lar que se gana con sudor\u2026 debe llegar completo a casa.<br data-start=\"450\" data-end=\"453\" \/>Sigue estas recomendaciones para <strong data-start=\"486\" data-end=\"534\">evitar comisiones altas, retrasos y fraudes.<\/strong><\/p>\n<hr data-start=\"536\" data-end=\"539\" \/>\n<h3 style=\"text-align: left;\" data-start=\"541\" data-end=\"591\">\ud83d\udce4 <strong data-start=\"548\" data-end=\"591\">Si env\u00edas remesas desde Estados Unidos:<\/strong><\/h3>\n<ol style=\"text-align: left;\" data-start=\"593\" data-end=\"1326\">\n<li data-start=\"593\" data-end=\"776\">\n<p data-start=\"596\" data-end=\"776\"><strong data-start=\"596\" data-end=\"652\">Compara comisiones y tipo de cambio antes de enviar.<\/strong><br data-start=\"652\" data-end=\"655\" \/>No te vayas con la primera opci\u00f3n. Usa <em data-start=\"697\" data-end=\"712\">RemesasMX.org<\/em> para ver qu\u00e9 servicio te cobra menos y da mejor tipo de cambio.<\/p>\n<\/li>\n<li data-start=\"778\" data-end=\"933\">\n<p data-start=\"781\" data-end=\"933\"><strong data-start=\"781\" data-end=\"832\">Evita enviar en fin de semana o en fechas pico.<\/strong><br data-start=\"832\" data-end=\"835\" \/>Muchas casas de env\u00edo aumentan comisiones en quincena o d\u00edas festivos. Planea con anticipaci\u00f3n.<\/p>\n<\/li>\n<li data-start=\"935\" data-end=\"1056\">\n<p data-start=\"938\" data-end=\"1056\"><strong data-start=\"938\" data-end=\"983\">Confirma bien los datos del destinatario.<\/strong><br data-start=\"983\" data-end=\"986\" \/>Un error en el nombre o cuenta puede retrasar el pago o cancelarlo.<\/p>\n<\/li>\n<li data-start=\"1058\" data-end=\"1171\">\n<p data-start=\"1061\" data-end=\"1171\"><strong data-start=\"1061\" data-end=\"1104\">Guarda siempre tu comprobante de env\u00edo.<\/strong><br data-start=\"1104\" data-end=\"1107\" \/>Puede servirte para rastrear o reclamar cualquier incidencia.<\/p>\n<\/li>\n<li data-start=\"1173\" data-end=\"1326\">\n<p data-start=\"1176\" data-end=\"1326\"><strong data-start=\"1176\" data-end=\"1250\">Desconf\u00eda de servicios nuevos o poco conocidos que no est\u00e9n regulados.<\/strong><br data-start=\"1250\" data-end=\"1253\" \/>Aseg\u00farate de que el servicio est\u00e9 registrado y tenga buena reputaci\u00f3n.<\/p>\n<\/li>\n<\/ol>\n<hr data-start=\"1328\" data-end=\"1331\" \/>\n<h3 style=\"text-align: left;\" data-start=\"1333\" data-end=\"1373\">\ud83d\udce5 <strong data-start=\"1340\" data-end=\"1373\">Si recibes remesas en M\u00e9xico:<\/strong><\/h3>\n<ol style=\"text-align: left;\" data-start=\"1375\" data-end=\"2074\">\n<li data-start=\"1375\" data-end=\"1504\">\n<p data-start=\"1378\" data-end=\"1504\"><strong data-start=\"1378\" data-end=\"1431\">Pregunta al remitente cu\u00e1nto llegar\u00e1 exactamente.<\/strong><br data-start=\"1431\" data-end=\"1434\" \/>As\u00ed podr\u00e1s comparar si el monto recibido coincide con lo prometido.<\/p>\n<\/li>\n<li data-start=\"1506\" data-end=\"1652\">\n<p data-start=\"1509\" data-end=\"1652\"><strong data-start=\"1509\" data-end=\"1570\">Evita cobrar en lugares donde te cobren comisiones extra.<\/strong><br data-start=\"1570\" data-end=\"1573\" \/>Algunos puntos de cobro en efectivo te hacen pagar \u201cde m\u00e1s\u201d. Pregunta antes.<\/p>\n<\/li>\n<li data-start=\"1654\" data-end=\"1794\">\n<p data-start=\"1657\" data-end=\"1794\"><strong data-start=\"1657\" data-end=\"1712\">Considera recibir la remesa en una cuenta bancaria.<\/strong><br data-start=\"1712\" data-end=\"1715\" \/>Es m\u00e1s seguro y puedes usar ese dinero desde tu celular sin cargar efectivo.<\/p>\n<\/li>\n<li data-start=\"1796\" data-end=\"1939\">\n<p data-start=\"1799\" data-end=\"1939\"><strong data-start=\"1799\" data-end=\"1854\">No compartas tus datos personales con desconocidos.<\/strong><br data-start=\"1854\" data-end=\"1857\" \/>Nadie necesita tu n\u00famero de cuenta o INE por WhatsApp para \u201cagilizar el cobro\u201d.<\/p>\n<\/li>\n<li data-start=\"1941\" data-end=\"2074\">\n<p data-start=\"1944\" data-end=\"2074\"><strong data-start=\"1944\" data-end=\"2019\">Revisa si tu banco tiene promociones para recibir remesas sin comisi\u00f3n.<\/strong><br data-start=\"2019\" data-end=\"2022\" \/>Algunos bancos o apps tienen acuerdos especiales.<\/p>\n<\/li>\n<\/ol>\n<hr data-start=\"2076\" data-end=\"2079\" \/>\n<h3 style=\"text-align: left;\" data-start=\"2081\" data-end=\"2117\">\ud83e\udde0 <strong data-start=\"2088\" data-end=\"2117\">Consejo extra para todos:<\/strong><\/h3>\n<p style=\"text-align: left;\" data-start=\"2119\" data-end=\"2316\">\ud83d\udc49 <strong data-start=\"2122\" data-end=\"2173\">Inf\u00f3rmate, comparte y habla con otros paisanos.<\/strong><br data-start=\"2173\" data-end=\"2176\" \/>El conocimiento tambi\u00e9n protege tu dinero. Reenv\u00eda estas recomendaciones, cuida a los tuyos, y que tu esfuerzo llegue lo m\u00e1s entero posible.<\/p>\n","protected":false},"excerpt":{"rendered":"<p>\ud83d\udca1 Recomendaciones para enviar y recibir remesas Porque cada d\u00f3lar que se gana con sudor\u2026 debe llegar completo a casa.Sigue estas recomendaciones para evitar comisiones altas, retrasos y fraudes. \ud83d\udce4 Si env\u00edas remesas desde Estados Unidos: Compara comisiones y tipo de cambio antes de enviar.No te vayas con la primera opci\u00f3n. Usa RemesasMX.org para ver [&hellip;]<\/p>\n","protected":false},"author":1,"featured_media":0,"parent":0,"menu_order":0,"comment_status":"closed","ping_status":"closed","template":"","meta":{"footnotes":""},"class_list":["post-6550","page","type-page","status-publish","hentry"],"_links":{"self":[{"href":"https:\/\/remesasmx.org\/index.php?rest_route=\/wp\/v2\/pages\/6550","targetHints":{"allow":["GET"]}}],"collection":[{"href":"https:\/\/remesasmx.org\/index.php?rest_route=\/wp\/v2\/pages"}],"about":[{"href":"https:\/\/remesasmx.org\/index.php?rest_route=\/wp\/v2\/types\/page"}],"author":[{"embeddable":true,"href":"https:\/\/remesasmx.org\/index.php?rest_route=\/wp\/v2\/users\/1"}],"replies":[{"embeddable":true,"href":"https:\/\/remesasmx.org\/index.php?rest_route=%2Fwp%2Fv2%2Fcomments&post=6550"}],"version-history":[{"count":3,"href":"https:\/\/remesasmx.org\/index.php?rest_route=\/wp\/v2\/pages\/6550\/revisions"}],"predecessor-version":[{"id":6553,"href":"https:\/\/remesasmx.org\/index.php?rest_route=\/wp\/v2\/pages\/6550\/revisions\/6553"}],"wp:attachment":[{"href":"https:\/\/remesasmx.org\/index.php?rest_route=%2Fwp%2Fv2%2Fmedia&parent=6550"}],"curies":[{"name":"wp","href":"https:\/\/api.w.org\/{rel}","templated":true}]}}